 96 and t.
12
Let d(o) = o**3 + 22*o**2 + 7*o + 29. Let x be d(-18). Calculate the highest common factor of 11 and x.
11
Let k(y) = 51*y + 15. Let b(z) = -76*z - 22. Let j(g) = -5*b(g) - 7*k(g). Let w be j(-2). Let v = 1 - w. Calculate the highest common factor of v and 63.
21
Suppose 229*k - 2*q - 153 = 226*k, 0 = q. What is the greatest common factor of 187 and k?
17
Let j(f) = 2*f**3 + 11*f**2 + 6*f + 5. Let v be j(-4). Let w be (5 - (6 - 3))*v. What is the greatest common factor of w and 145?
29
Suppose 2*x = -4*j - 98 + 358, 2*j - 550 = -4*x. What is the highest common factor of 350 and x?
70
Let p = -539 + 569. Calculate the greatest common divisor of p and 18.
6
Let o = -219 + 303. What is the greatest common factor of o and 28?
28
Let v be 120/2 - (-1 + -5). Calculate the greatest common factor of v and 55.
11
Suppose 3*i + 8*d - 3*d = -9, 0 = 4*d + 12. Suppose -10*z + 680 = -i*z. What is the highest common factor of z and 34?
17
Suppose 669 = 3*p + 165. Suppose 0 = -0*x - x + p. Suppose -j - 67 = b - 3*b, -5*b + 2*j + x = 0. What is the highest common factor of b and 85?
17
Let c be (-18)/(-12) + 418/4. Let k = c + -52. What is the greatest common divisor of 81 and k?
27
Let c(w) = -47*w**3 + w**2 - w - 1. Suppose 13*k + 16 - 3 = 0. Let u be c(k). What is the greatest common factor of u and 12?
12
Let h be (0*(20/(-8) + 3))/1. Suppose 3*l - 17 - 4 = h. Calculate the highest common factor of 21 and l.
7
Let g(o) = o**2 + 4*o - 3. Let i be g(-5). Let w be 8*2 - (-1 - i). Let x = w - -8. Calculate the highest common factor of x and 3.
3
Suppose -529*j = -524*j + 15, -3*j = 2*l - 3973. What is the highest common divisor of 11 and l?
11
Suppose 0 = 4*f - 2*v - 90, 10 = 4*f + v - 71. What is the highest common factor of 7 and f?
7
Let l(f) = f**2 + 14*f + 23. Let c be l(-12). Let k be (8 + (c - 1))*(-380)/(-12). Calculate the greatest common factor of k and 10.
10
Let i = 5 - -3. Let w(k) = k**3 - 4*k**2 - k - 4. Let c = 49 + -44. Let f be w(c). Calculate the highest common divisor of f and i.
8
Let l = -278 + 830. What is the greatest common factor of 69 and l?
69
Let j(q) = 3*q + 1. Suppose 0 = 3*r - 8*r - 5. Let m be j(r). Let w = m - -5. What is the greatest common factor of 33 and w?
3
Suppose -13*d = -220 - 417. Calculate the greatest common divisor of d and 217.
7
Let h = 74 - -4. Suppose 0 = -3*l + 5*w + 81, 5*w = -3*l + 9*w + h. What is the highest common factor of l and 88?
22
Let k(d) = -d**3 + 3*d + 2. Let h be k(3). Let c be 1*-51*h/12. Suppose 5*z + c = 4*j, -z = 4*j + 13 - 57. What is the highest common factor of 36 and j?
12
Let u be (-92)/(-9) - 2/9. Let z = 15 + u. Suppose -2*x + z = 3*q, -48 = -5*q + x + 2*x. Calculate the highest common divisor of 27 and q.
9
Suppose -6*j - 8 = 10. Let v = -1 - j. Let y be 8/(-4) - (v - 22). What is the highest common factor of y and 54?
18
Let k be 1/5*104*10. Let d = 386 - 360. What is the greatest common divisor of d and k?
26
Let r = -55 - -141. What is the greatest common divisor of r and 4?
2
Let z(g) = -g - 3. Let h be z(-5). Suppose -8*m - h*m + 180 = 0. Calculate the highest common factor of 54 and m.
18
Let b = 9767 - 9639. Suppose 5*h + 52 = 2*t, 2*t + 40 = 4*t - 2*h. Calculate the greatest common factor of t and b.
16
Let v(k) = k**3 + 6*k**2 + 3*k + 2. Let w be v(-5). Let a = 18 - w. Let i(u) = u - 4. Let b be i(a). What is the highest common divisor of b and 16?
2
Suppose -4*g - 89*l + 81 = -94*l, -4*l = -5*g + 90. Calculate the highest common divisor of g and 35.
7
Suppose -980 = -14*m - 35*m. What is the highest common factor of m and 108?
4
Let n = -26 + 6. Let v = 1 - n. Suppose -2 = d - 3*p - 17, 0 = 4*d + 2*p - 4. Calculate the greatest common factor of d and v.
3
Let a(r) be the first derivative of -r**4/4 + 8*r**3/3 - 5*r**2/2 + 1. Let l be a(7). Suppose -180 = -5*m + 100. What is the highest common factor of m and l?
14
Suppose 2*g - 24 = -2. Let i(z) = -z**3 - 34*z**2 + 33*z + 18. Let k be i(-35). What is the greatest common factor of k and g?
11
Suppose -3*x = -125 - 64. Let r = x + -47. Calculate the highest common factor of r and 48.
16
Suppose -15*y = -4*y - 682. What is the greatest common factor of 62 and y?
62
Let s(j) = j**3 - 13*j**2 + 45*j - 1. Let f be s(11). What is the greatest common factor of 72 and f?
36
Let l = 680 + -176. Let s be l/49 + (-2)/7. What is the greatest common factor of s and 2?
2
Suppose 3*p - 6*p = -21. Suppose p = -2*z - 3*j - 3, -2*j = -3*z - 41. Let k be (z - -17) + (-4 - -1). What is the highest common divisor of k and 18?
3
Let z(b) = -b**2 - 7*b - 6. Let q be z(-5). Suppose q = 4*w - 20. Suppose 4*s = 4*x, -4*s + 1 = -3*x - 2. What is the highest common divisor of x and w?
3
Let i = 56 - 36. Let o = -117 + 257. What is the greatest common factor of i and o?
20
Suppose 0*h + 5*h = 0. Suppose h = -5*r - 7 + 92. Let m = -176 + 363. Calculate the highest common factor of r and m.
17
Suppose 3*t - 27 = 9. Suppose 5*p + 2*z + t + 4 = 0, 5*z + 2 = -3*p. Let b be 2 + 1*p + 3. Calculate the greatest common factor of 1 and b.
1
Suppose 0 = c - 2*z - 70, 2*z - 129 + 39 = -c. What is the highest common divisor of 220 and c?
20
Let d(c) = 2*c**2 - 70*c + 284. Let j be d(4). What is the greatest common divisor of 44 and j?
4
Let p be 6 + 3/(-12)*0. Suppose o + p - 18 = 0. Let r be (2 + -1)*(-10 - -40). What is the highest common divisor of r and o?
6
Let x = 1 - -1. Suppose 0 = -f - 5*i - 1, 4*i - 23 = -3*f + 2*i. Suppose -37 = -x*v - f. What is the highest common factor of v and 42?
14
Let w(n) = 192*n + 3. Let c be w(1). What is the highest common divisor of c and 15?
15
Let y be 6*(-2)/(-4) - 1. Let q(s) = 3*s + 10. Let c be q(-2). Suppose 0*d + 2*p = 4*d - 68, -c*d + p = -66. Calculate the highest common divisor of y and d.
2
Let d be (18/(-1))/(-4*4/16). Calculate the greatest common factor of d and 54.
18
Let d(x) = x**3 + 17*x**2 - 9*x - 58. Let k be d(-17). What is the greatest common divisor of k and 38?
19
Suppose 4*h = 29 + 59. Let q(k) = -k**3 + 4*k**2 + 6*k + 3. Let f be q(6). Let r = 77 + f. Calculate the highest common factor of h and r.
22
Let l = -11105 + 11147. Suppose -3*i + 1150 - 16 = 0. What is the highest common divisor of i and l?
42
Suppose 3*i - 42 = -0*i. Let y = -61 + 73. Suppose -y*m - 1078 = -23*m. Calculate the highest common divisor of m and i.
14
Let r = 709 + -643. Calculate the greatest common divisor of 18 and r.
6
Suppose -26 = -17*g + 4*g. Suppose 4*a - 28 = -g*y, -a + 7 = 2*y - 4*a. What is the greatest common factor of y and 64?
8
Let r = 197 + -183. Let k = 16 + -11. Let o(l) = 2*l**2 + 2*l - 4. Let d be o(k). Calculate the highest common divisor of r and d.
14
Let c = 234 + -198. What is the highest common divisor of 60 and c?
12
Let q be 189 + -185 - (-1 - 0 - 45). What is the greatest common divisor of q and 90?
10
Let z be (12/10)/(7*(-30)/(-2450)). What is the greatest common divisor of z and 14?
14
Suppose 0 = -2*l - 2374 + 3700. Calculate the highest common factor of l and 102.
51
Let s be 4 + (1 + -5 - 0). Suppose s*m = 5*m - 35. What is the greatest common divisor of 28 and m?
7
Suppose 812 = 4*h + 25*h. Calculate the highest common factor of 84 and h.
28
Let j be (0 + -2)/((-27)/162). What is the greatest common factor of 294 and j?
6
Let z(j) = -j + 11. Let b be z(-8). Suppose 5*v + 6*a = 659, 3*v - a = -142 + 542. What is the greatest common divisor of b and v?
19
Let t be (-1 - 7412/(-22)) + 212/2332. What is the highest common factor of t and 32?
16
Suppose -i - 3*d + 20 + 1 = 0, -i + d = -33. Calculate the highest common divisor of 20 and i.
10
Let c(t) = -2*t**2 + 25*t - 8. Let b be c(12). Let v be b/(-60)*3 - (-452)/10. Calculate the highest common divisor of v and 9.
9
Let u(l) = l - 2. Let q be u(7). Suppose 0 = -0*m - q*m + 1645. Calculate the highest common divisor of m and 47.
47
Suppose 10*h - 60 = 180. What is the highest common factor of h and 78?
6
Let c(f) = f**2 - 19*f + 6. Let w be c(25). What is the greatest common divisor of w and 130?
26
Suppose 2*z + 58 - 58 = 0. Let v be z + ((-8)/(-4) + 32 - 2). Let t = -130 + 210. Calculate the greatest common divisor of t and v.
16
Let f be (-36)/42 + 538/7. Calculate the greatest common factor of f and 20.
4
Let u = 56 + 38